he units digit of g?
8
Suppose -5*d + 8*d + 2039 = -2*l, 5*d = l - 3407. Let y = 960 + d. What is the tens digit of y?
7
Suppose -19649 - 19637 = -5*x + 5599. What is the tens digit of x?
7
Let d(h) = -30*h - 37. Suppose -3*j + 65 - 21 = -5*v, -j = -3*v - 24. What is the units digit of d(v)?
3
Let v(p) = -p**2 + 11*p - 15. Let d be v(6). Suppose 2*o + 2*g = 6*o + 20, 0 = -3*o + 3*g - d. Let y(c) = 2*c**2 - 9*c - 8. What is the units digit of y(o)?
7
Let j = -131 + 139. Suppose 2*p - 14 = -4*l, j*p - l + 1 = 6*p. What is the units digit of p?
1
Suppose -o - 2*o - 3*w = -1950, 4*o + w = 2585. Suppose 2*p + 3*p - o = 0. Suppose q = 5*v + p, -2*q = q + 2*v - 319. What is the tens digit of q?
0
What is the units digit of (1276/55)/(-5 - (-1206)/240)?
8
Suppose s + 5*g = 9710, 2*s - 19405 = -16*g + 21*g. What is the hundreds digit of s?
7
Let c(x) = -2*x - 10. Let f be c(-5). Let h = 6 - 0. Suppose 0 = -h*b - f*b + 540. What is the units digit of b?
0
Let u(z) = -9415*z**3 + z**2 + 11*z + 8. What is the tens digit of u(-1)?
1
Suppose 2*o = -2*x + 27930, 0 = -2*x - 3*o - 13035 + 40965. What is the ten thousands digit of x?
1
Let j be (-2)/(-7) + (-680)/(-70). Suppose 0 = 5*x - j*x. Suppose -2*u + 5*u = x, 2*b - 110 = -4*u. What is the units digit of b?
5
Let o(r) = 6975*r**2 - 47*r - 44. What is the thousands digit of o(-1)?
6
Suppose 6811 = 5*o - 7*j, 0 = 7*o - 6*o + 3*j - 1349. What is the tens digit of o?
5
Let a = -9 + 3. Let u(v) = -6 + 94*v**2 + 1 + 7*v - 90*v**2 - 6. What is the units digit of u(a)?
1
Let b(d) be the second derivative of 19*d**5/20 + d**4/4 + d**3 - 14*d**2 - 134*d. What is the hundreds digit of b(3)?
5
Let c(u) = -23*u - 50. Let g be c(-4). Let x = g + -39. Suppose x*d - 3 = 33. What is the units digit of d?
2
Let c = 18 - -793. Suppose 2*j = 3*h - 275 - c, -3*h + 1083 = -j. What is the tens digit of h?
6
Let d be (2 - 1)*0/(-2). Let o = 126 - 52. Suppose d*z - o = -2*z. What is the units digit of z?
7
Suppose -60*q + 484014 - 123834 = 0. What is the units digit of q?
3
Let f = -2868 - -4520. Let i = f - 791. What is the units digit of i?
1
Let b be -9 + 5 - (-3 + 5024). What is the units digit of b/(-21) + 2/(-7)?
9
Suppose 0 = 10*a + 15*a - 100. Suppose -3*f - 518 = -5*f - 3*d, -f + a*d = -237. What is the units digit of f?
3
What is the thousands digit of 5163 - ((-12)/204*-17 + (-2)/(-1))?
5
Suppose -42385 = -18*k + 46085. What is the tens digit of k?
1
Suppose -5*z - 2041 = 4*k, -3*z - 1624 = z + k. Suppose -5639*a = -5523*a + 32480. Let o = a - z. What is the tens digit of o?
2
Suppose -4 = 4*a, -2*t + 2 + 18 = -4*a. Suppose 1862 = t*u - 5*u + 4*y, -y = 4*u - 2487. What is the units digit of u?
2
Let d(x) = x**3 - 32*x**2 + 73*x + 33. Let g be 35*(1 + (-4)/28). What is the units digit of d(g)?
3
Suppose 18*z = 24*z - 240996. What is the ten thousands digit of z?
4
Let q(v) = -v**3 + 9*v**2 + v - 1. Let n be q(-5). Suppose p - n = -2*t, 6*p = 5*p + 3*t + 319. What is the hundreds digit of p?
3
Let u(d) = 848*d + 2114. What is the hundreds digit of u(31)?
4
What is the thousands digit of (16 + -1 + -10)*497?
2
Let v(f) = 1157*f**2 - 4*f + 17. Let y(p) = 1158*p**2 - 3*p + 12. Let x(d) = -2*v(d) + 3*y(d). What is the thousands digit of x(1)?
1
Let j = -944 + 174. Let f = j - -1350. What is the hundreds digit of f?
5
Suppose 0 = -5*g - 247 + 102. Let y = g + 31. Suppose y*k - 150 = -5*x - 59, x = -k + 47. What is the units digit of k?
8
Let h(b) = -182*b - 101. Let d(j) = -93*j - 51. Let n(a) = 5*d(a) - 3*h(a). What is the tens digit of n(13)?
0
Let g(k) = -k**3 - 3*k**2 + 309*k + 41085. What is the ten thousands digit of g(0)?
4
Suppose -11*i = -34 + 1. Suppose -12*p - i*b - 81 = -17*p, -2*b = 2*p - 26. What is the units digit of p?
5
Suppose 0*v + 2*v = -4, v = -2*n + 6. Suppose q = -n*j + 13, 2*q = 5*j - 15 - 11. Suppose -j*b = -5*p + 74, 2*b - 5 = 3. What is the tens digit of p?
1
Suppose 0 = -2*z + p + 9825, 5*p - 5433 + 25086 = 4*z. What is the hundreds digit of z?
9
Suppose -2*w - 1 = -11. Suppose -4*g = 4*l - g - 123, -l + w*g + 2 = 0. What is the tens digit of l?
2
Suppose 0 = -2*s - 2*w + 2440, -4*w + 6*w = 2*s - 2420. Suppose 0 = -4*l - 115 + s. Suppose 5*t - l = -0*t. What is the tens digit of t?
5
Let a(v) = 496*v**2 + 52*v + 14. What is the ten thousands digit of a(5)?
1
Let w(i) = 3*i**3 - 7*i**2 - i + 11. Suppose 3*o + 231 - 21 = 0. Let m = o - -75. What is the units digit of w(m)?
6
Let m be (-9)/2*44/(-33). Suppose 9 + m = 3*q. Suppose 2*j - 99 = -q*g + 154, 0 = -j - g + 122. What is the hundreds digit of j?
1
Let k(u) be the second derivative of 36/5*u**5 + 0*u**2 - 27*u - 1/6*u**3 + 0 + 0*u**4. What is the units digit of k(1)?
3
Let m = 108 + -104. Suppose -1859 = -m*o + u, 0 = 3*o + 4*u + u - 1377. What is the hundreds digit of o?
4
Let n(f) = -f**3 + 16*f**2 - 15*f - 9. Let m(r) = -r**3 + r**2 - 3*r - 3. Let q be m(-2). Let u be n(q). What is the units digit of 690/14 - (u/(-7) - 1)?
9
Suppose 2*p + 4*u - 104 = -0*p, 0 = 3*u - 9. Suppose 71 = 5*o + p. Suppose o*a - 271 = 14. What is the units digit of a?
7
Let r be (2 - 3)/((-2)/556). Suppose 4*q + 3*u = -q + r, -3*q - 5*u + 170 = 0. What is the tens digit of q?
5
Suppose 460*q - 497*q = -943981. What is the units digit of q?
3
Let a(q) = -408*q - 7252. What is the thousands digit of a(-38)?
8
Suppose 2609*d = 2591*d + 36900. What is the tens digit of d?
5
Suppose 2*v - 8 - 16 = -5*o, 5*v + 3*o - 22 = 0. Suppose 11*w - 16*w = -v*l + 141, -3*w - 216 = -3*l. What is the units digit of l?
3
Let x(j) be the third derivative of -j**6/120 + 7*j**5/20 + 23*j**4/12 - 11*j**3 - 4*j**2 - 8*j. What is the hundreds digit of x(22)?
4
Let o(k) = -k**2 + 2*k + 53. Let z be o(-6). Suppose 5*n + 3*p = 4347, z*p = 2*p - 3. What is the hundreds digit of n?
8
Let q(w) = -1 + 16*w + 94*w**2 - 186*w**2 + 91*w**2. Suppose -2*g = -5*d - 16, -3*g = -0*g + 3*d - 24. What is the tens digit of q(g)?
6
Suppose -2022146 = 263*i - 11887669 - 3487250. What is the thousands digit of i?
0
Suppose -4*t + 565 = -235. Let b = 314 - t. Let i = 180 - b. What is the tens digit of i?
6
Let i(z) = 173*z**2 + 349*z + 3043. What is the ten thousands digit of i(-9)?
1
Let t = -2611 - -2650. Suppose 5*g = 4*a - 172, -g + 4*g = 4*a - 172. Suppose -a*z = -t*z - 584. What is the tens digit of z?
4
Let x be (2 + -1 + 2)/((-57)/95). Let p(u) be the first derivative of -15*u**2/2 - 11*u - 3. What is the tens digit of p(x)?
6
Let a(b) = 36*b**2 + 63*b + 1422. What is the tens digit of a(-29)?
7
Let q = -18214 + 40066. What is the tens digit of q?
5
Let l(c) = -1923*c + 643. What is the thousands digit of l(-3)?
6
Let p(f) = -103 + 218 - 2*f**3 + f**3 - 116 + f**2 - 2*f. Let u(j) = -j**3 - 7*j**2 - 5*j + 1. Let t be u(-6). What is the tens digit of p(t)?
5
Suppose 2*n + 11 = 45. Suppose -5*x = 7 - n. What is the units digit of 440/(-33)*12/(-10)*x?
2
Let v = -32 + 34. What is the hundreds digit of ((-1)/v + 2)*992/6?
2
Suppose -2*h - w = -6, 6*w - w = 4*h - 40. Suppose 0 = -4*p + 5*i + 2113, 4*p - 1994 - 149 = -h*i. What is the tens digit of p?
3
Let i be (-68)/20*4*25/20. What is the tens digit of 3*150/9 - (-51)/i?
4
Suppose -5*y + 5185 = 5*u, -24*u = -5*y - 27*u + 5187. What is the hundreds digit of y?
0
Let c = 435 - 575. Let v = c - -159. What is the units digit of v?
9
Suppose -3*u = -h + 196, h - 2*u = -5*u + 214. Let k(r) = 9*r - 118. Let y be k(18). Let p = h + y. What is the units digit of p?
9
Let o(q) = 32*q**2 - 23*q - 780. What is the tens digit of o(24)?
0
Let y(f) = 27*f - 1. Suppose -727 = -11*r - 265. Let k = -41 + r. What is the tens digit of y(k)?
2
Suppose 3*m = -4*j + 8745, 0 = 4*j - m - 7473 - 1276. Suppose 0 = 17*v - 363 - j. What is the hundreds digit of v?
1
Let v(n) = -n**3 + 43*n**2 + 95*n - 218. Let b be v(45). Let u be 2/(-2)*-1*1266. Suppose b*q = q + u. What is the tens digit of q?
1
Suppose -5*d + 3*n + 94 = 0, 4*n - 39 = -3*d - 0*n. Let z(k) = k**2 + 2*k - 41. What is the hundreds digit of z(d)?
2
Let w(d) = d**2 - 38 - 91*d**3 - 8*d - 84*d**3 + 174*d**3. What is the hundreds digit of w(-7)?
4
Suppose -3221554 = -4654*u + 4556*u. What is the thousands digit of u?
2
Let i = 32172 - -12615. What is the hundreds digit of i?
7
Suppose 0 = 16*g - 14*g + r - 11724, 3*r = 0.